What is the greatest common divisor of 1196 and 267781732?
92
What is the greatest common divisor of 132 and 12848946?
66
Calculate the highest common factor of 68 and 760393748.
68
What is the greatest common divisor of 993 and 136299?
3
What is the greatest common divisor of 3 and 62416209?
3
What is the greatest common factor of 51 and 38026620?
51
Calculate the highest common factor of 32690 and 112630.
70
What is the greatest common factor of 6660 and 1030635?
1665
Calculate the highest common factor of 10226 and 154612007.
5113
Calculate the greatest common factor of 41 and 768185963.
41
Calculate the greatest common factor of 7892114 and 567256.
3298
What is the greatest common factor of 50363391 and 39?
39
Calculate the highest common factor of 69037 and 55151.
131
What is the highest common divisor of 613043 and 6194?
163
What is the highest common divisor of 22679293 and 247?
247
What is the greatest common factor of 3739 and 1765327721?
3739
Calculate the highest common factor of 4048 and 59436025.
253
What is the greatest common divisor of 108 and 18813393?
9
What is the highest common factor of 14 and 6507361?
7
Calculate the greatest common factor of 146940 and 13103700.
1860
Calculate the highest common divisor of 11564 and 114212.
28
Calculate the greatest common factor of 15528 and 6258.
6
What is the highest common factor of 56239295 and 70?
35
Calculate the highest common divisor of 26 and 242713341.
13
Calculate the highest common divisor of 828568 and 15872.
248
Calculate the greatest common divisor of 640 and 70070720.
320
What is the greatest common divisor of 652034 and 8342?
194
What is the greatest common divisor of 318193 and 11096?
19
What is the greatest common factor of 18780 and 228918?
6
Calculate the greatest common divisor of 5532 and 276468.
12
What is the highest common factor of 26994 and 18744?
66
What is the greatest common factor of 26 and 1180594831?
13
Calculate the highest common factor of 794 and 2167620.
794
What is the greatest common factor of 25 and 7822985?
5
What is the greatest common factor of 125856 and 130617?
207
Calculate the greatest common divisor of 12013488 and 1296.
432
What is the highest common divisor of 210637 and 217?
7
What is the highest common factor of 3299966 and 304928?
1466
Calculate the highest common factor of 59 and 114774411.
59
What is the highest common factor of 123971 and 34126?
151
What is the highest common factor of 407 and 19119491?
37
What is the greatest common divisor of 811916 and 8688260?
7588
What is the greatest common divisor of 192 and 535464?
24
Calculate the greatest common factor of 4208505 and 21.
21
What is the highest common divisor of 2304 and 5447628?
36
Calculate the highest common factor of 1032275 and 535.
5
Calculate the highest common factor of 40 and 519100780.
20
What is the highest common factor of 306 and 36698274?
306
What is the highest common divisor of 30690 and 42510?
30
What is the greatest common factor of 36 and 4671356?
4
What is the highest common factor of 41936144 and 9010?
1802
Calculate the highest common divisor of 616633185 and 4935.
4935
What is the highest common factor of 37086015 and 16725?
3345
What is the greatest common divisor of 59726472 and 1222?
1222
Calculate the greatest common divisor of 3071791 and 43.
43
Calculate the greatest common divisor of 37 and 22207511.
37
What is the greatest common divisor of 303198748 and 1733?
1733
Calculate the highest common factor of 38 and 3302675.
19
Calculate the greatest common divisor of 55187 and 1052903.
29
What is the highest common factor of 90878107 and 68?
17
Calculate the greatest common divisor of 3474 and 1440.
18
What is the greatest common factor of 7 and 200380250?
7
What is the greatest common divisor of 192647 and 1022?
511
What is the highest common divisor of 15476502 and 186?
186
What is the greatest common factor of 304 and 119130646?
38
Calculate the greatest common factor of 12323340 and 4860.
1620
What is the highest common divisor of 45 and 14684337?
9
What is the greatest common divisor of 3666 and 170352?
78
What is the highest common factor of 267146539 and 4565?
913
Calculate the highest common divisor of 16560 and 392390.
10
Calculate the highest common factor of 20121 and 63081453.
1059
Calculate the highest common divisor of 17080 and 35770.
70
What is the greatest common divisor of 102055320 and 144?
72
What is the highest common factor of 14 and 208611466?
14
What is the highest common factor of 19899585 and 60?
15
Calculate the greatest common factor of 134 and 2132341732.
134
What is the highest common divisor of 33446117 and 63827?
769
What is the highest common factor of 209672592 and 2604?
372
What is the greatest common divisor of 577304 and 180804?
3172
What is the greatest common factor of 2675950 and 50?
50
Calculate the greatest common factor of 107236000 and 850.
850
Calculate the highest common factor of 3469382 and 1106.
14
What is the greatest common factor of 135894607 and 31?
31
What is the greatest common divisor of 48488 and 2080808?
232
What is the highest common factor of 21 and 1278886?
7
What is the highest common divisor of 65343380 and 200?
20
What is the highest common divisor of 74 and 3959303918?
74
Calculate the highest common divisor of 439674 and 63470.
1154
What is the highest common factor of 2666365 and 741?
247
What is the greatest common factor of 30482493 and 3843?
183
Calculate the greatest common factor of 73960 and 16023434.
3698
What is the highest common divisor of 10093775 and 2575?
25
Calculate the greatest common factor of 1504593 and 90.
9
Calculate the greatest common divisor of 331213958 and 68.
34
Calculate the greatest common factor of 70686 and 42772.
34
What is the greatest common factor of 99638003 and 74?
37
What is the highest common divisor of 180 and 74933325?
45
Calculate the highest common divisor of 2164700 and 17900.
100
What is the highest common divisor of 1852 and 929927629?
463
Calculate the greatest common divisor of 874261443 and 66.
33
What is the greatest common factor of 1980 and 1219152?
132
Calculate the greatest common factor of 39 and 12959544.
39
Calculate the highest common factor of 5083 and 458684837.
5083
Calculate the greatest common divisor of 204655 and 337513.
671
What is the highest common factor of 121922757 and 58?
29
Calculate the greatest common factor of 91 and 1535209.
13
What is the highest common divisor of 362527 and 5896?
11
Calculate the greatest common factor of 221 and 39118326.
221
What is the greatest common factor of 30263 and 107431?
53
Calculate the greatest common factor of 374450 and 1950.
50
What is the greatest common factor of 34 and 128425378?
34
Calculate the greatest common divisor of 1145848084 and 6036.
2012
What is the greatest common divisor of 1095160 and 11790?
1310
What is the greatest common factor of 6 and 141555489?
3
Calculate the greatest common factor of 37950 and 255190980.
7590
What is the highest common divisor of 87536682 and 36?
18
What is the highest common divisor of 8586360 and 960?
120
What is the highest common divisor of 5327 and 7253852?
761
What is the greatest common divisor of 555680 and 8368?
16
Calculate the highest common divisor of 7851 and 62514.
3
Calculate the highest common factor of 368227330 and 1095.
365
Calculate the greatest common factor of 51342544 and 16256.
2032
Calculate the highest common factor of 2385612 and 740.
148
What is the greatest common factor of 19183518 and 6900?
138
What is the highest common factor of 1511 and 1292121073?
1511
What is the highest common divisor of 882673 and 4147?
319
Calculate the greatest common divisor of 193511240 and 130.
130
Calculate the highest common divisor of 1451948 and 148.
4
What is the highest common factor of 9674 and 128198?
14
Calculate the greatest common divisor of 6273966 and 25098.
534
Calculate the highest common factor of 9750 and 25649250.
750
Calculate the greatest common divisor of 6 and 6827679.
3
What is the greatest common factor of 1122325 and 3450?
25
What is the highest common divisor of 4039 and 81837?
7
What is the greatest common divisor of 246990 and 1780?
10
What is the greatest common factor of 580776 and 7373